{"id":666,"date":"2026-05-08T15:23:06","date_gmt":"2026-05-08T13:23:06","guid":{"rendered":"https:\/\/www.horschamp-animation.com\/?page_id=666"},"modified":"2026-05-08T15:28:07","modified_gmt":"2026-05-08T13:28:07","slug":"intervenants-2","status":"publish","type":"page","link":"https:\/\/www.horschamp-animation.com\/index.php\/intervenants-2\/","title":{"rendered":"Intervenants"},"content":{"rendered":"\n<blockquote class=\"wp-block-quote is-layout-flow wp-block-quote-is-layout-flow\">\n<p>Nous faisons appel sur l&rsquo;ensemble de nos projets et ateliers \u00e0 des intervenants professionnels.<\/p>\n<\/blockquote>\n\n\n\n<h4 class=\"wp-block-heading\">Films d&rsquo;animation<\/h4>\n\n\n\n<p>L&rsquo;ensemble des ateliers et projets de stop motion est coordonn\u00e9 par Samuel Jarry, r\u00e9alisateur de cin\u00e9ma d&rsquo;animation. <\/p>\n\n\n\n<p>Selon les projets, nous travaillons \u00e9galement avec des intervenants suppl\u00e9mentaires, parfois sur votre demande. Quelques exemples :<\/p>\n\n\n\n<ul class=\"wp-block-list\">\n<li>C\u00e9line Lamour Crochet, illustratrice<\/li>\n\n\n\n<li>Fabrice Rabin, peintre<\/li>\n\n\n\n<li>Fabien Moretti, marionnettiste<\/li>\n\n\n\n<li>Lionel Bourrillon, musicien<\/li>\n\n\n\n<li>Sol\u00e8ne Normant, musicienne<\/li>\n\n\n\n<li>C\u00e9dric Bresset, musicien<\/li>\n\n\n\n<li>Bahia el Bacha, musicienne<\/li>\n\n\n\n<li>Et bien d&rsquo;autres encore &#8230;<\/li>\n<\/ul>\n\n\n\n<h4 class=\"wp-block-heading\">Ateliers d&rsquo;\u00e9criture<\/h4>\n\n\n\n<p>Les ateliers d&rsquo;\u00e9criture sont g\u00e9n\u00e9ralement anim\u00e9s par Samuel Jarry qui, en plus de sa casquette de r\u00e9alisateur de films d&rsquo;animation, est auteur compositeur interpr\u00e8te, slameur, et anime des ateliers d&rsquo;\u00e9criture depuis une vingtaine d&rsquo;ann\u00e9es.<\/p>\n","protected":false},"excerpt":{"rendered":"<p>Nous faisons appel sur l&rsquo;ensemble de nos projets et ateliers \u00e0 des intervenants professionnels. Films d&rsquo;animation L&rsquo;ensemble des ateliers et projets de stop motion est coordonn\u00e9 par Samuel Jarry, r\u00e9alisateur de cin\u00e9ma d&rsquo;animation. Selon les projets, nous travaillons \u00e9galement avec des intervenants suppl\u00e9mentaires, parfois sur votre demande. Quelques exemples : Ateliers d&rsquo;\u00e9criture Les ateliers d&rsquo;\u00e9criture [&hellip;]<\/p>\n","protected":false},"author":3,"featured_media":0,"parent":0,"menu_order":0,"comment_status":"closed","ping_status":"closed","template":"","meta":{"footnotes":""},"class_list":["post-666","page","type-page","status-publish","hentry"],"_links":{"self":[{"href":"https:\/\/www.horschamp-animation.com\/index.php\/wp-json\/wp\/v2\/pages\/666","targetHints":{"allow":["GET"]}}],"collection":[{"href":"https:\/\/www.horschamp-animation.com\/index.php\/wp-json\/wp\/v2\/pages"}],"about":[{"href":"https:\/\/www.horschamp-animation.com\/index.php\/wp-json\/wp\/v2\/types\/page"}],"author":[{"embeddable":true,"href":"https:\/\/www.horschamp-animation.com\/index.php\/wp-json\/wp\/v2\/users\/3"}],"replies":[{"embeddable":true,"href":"https:\/\/www.horschamp-animation.com\/index.php\/wp-json\/wp\/v2\/comments?post=666"}],"version-history":[{"count":5,"href":"https:\/\/www.horschamp-animation.com\/index.php\/wp-json\/wp\/v2\/pages\/666\/revisions"}],"predecessor-version":[{"id":672,"href":"https:\/\/www.horschamp-animation.com\/index.php\/wp-json\/wp\/v2\/pages\/666\/revisions\/672"}],"wp:attachment":[{"href":"https:\/\/www.horschamp-animation.com\/index.php\/wp-json\/wp\/v2\/media?parent=666"}],"curies":[{"name":"wp","href":"https:\/\/api.w.org\/{rel}","templated":true}]}}