{"id":369,"date":"2026-02-23T21:30:09","date_gmt":"2026-02-23T20:30:09","guid":{"rendered":"http:\/\/www.horschamp-animation.com\/?page_id=369"},"modified":"2026-02-26T17:03:26","modified_gmt":"2026-02-26T16:03:26","slug":"philosophie","status":"publish","type":"page","link":"https:\/\/www.horschamp-animation.com\/index.php\/philosophie\/","title":{"rendered":"Philosophie"},"content":{"rendered":"\n<h5 class=\"wp-block-heading\">Opportuniste<\/h5>\n\n\n\n<p><strong>Chaque projet est diff\u00e9rent<\/strong>, en fonction du contexte. Il est essentiel pour nous de nous adapter aux  moyens disponibles, aussi bien humains que mat\u00e9riels.<\/p>\n\n\n\n<h5 class=\"wp-block-heading\">Ludique<\/h5>\n\n\n\n<p>Quel que soit le (type de ) projet, <strong>l&rsquo;exigence de qualit\u00e9 va de pair avec une approche ludique et cr\u00e9ative<\/strong>. \u00c9crire, faire de la musique, r\u00e9aliser un film d&rsquo;animation doit rester un plaisir avant tout, ce qui favorise l&rsquo;acquisition de comp\u00e9tences.<\/p>\n\n\n\n<h5 class=\"wp-block-heading\">Mieux comprendre le monde<\/h5>\n\n\n\n<p>Quel est le propos de ce qu&rsquo;on \u00e9crit, de ce qu&rsquo;on raconte, que ce soit par les mots ou par l&rsquo;image ? Et par voie de cons\u00e9quence, comment appr\u00e9hender les mots et les images que l&rsquo;on re\u00e7oit, comment les comprendre et les d\u00e9crypter ? Nous consid\u00e9rons qu&rsquo;\u00e0 notre \u00e9poque plus que jamais l&rsquo;\u00e9ducation \u00e0 l&rsquo;image et aux mots est primordiale.<\/p>\n\n\n\n<h5 class=\"wp-block-heading\">Dans le r\u00e9el<\/h5>\n\n\n\n<p>Nous utilisons l&rsquo;outil informatique pour le montage, le mixage, la prise de vue, mais il nous semble important de rester <strong>connect\u00e9s au r\u00e9el<\/strong> et \u00e0 la mati\u00e8re, par la pratique d&rsquo;arts plastiques, l&rsquo;\u00e9criture, la musique et d&rsquo;utiliser des m\u00e9dias qui ne soient pas que num\u00e9riques.<\/p>\n\n\n\n<h5 class=\"wp-block-heading\">Partage et coop\u00e9ration <\/h5>\n\n\n\n<p>Les ateliers et projets que nous proposons sont avant tout coop\u00e9ratifs. Parce qu&rsquo;apprendre \u00e0 fonctionner dans un collectif est une comp\u00e9tence essentielles.<\/p>\n\n\n\n<h5 class=\"wp-block-heading\">Valorisation de soi (et des autres)<\/h5>\n\n\n\n<p>Parce que cr\u00e9er un texte, lu en public, ou participer \u00e0 la r\u00e9alisation d&rsquo;un film d&rsquo;animation collectif contribuent \u00e0 <strong>valoriser le rapport \u00e0 soi et au collectif<\/strong><\/p>\n\n\n\n<h5 class=\"wp-block-heading\">D\u00e9centrage<\/h5>\n\n\n\n<p>Quand la pratique du fran\u00e7ais devient un plaisir, et que les projets et ateliers permettent d&rsquo;acqu\u00e9rir des comp\u00e9tences sans m\u00eame s&rsquo;en rendre compte, nous avons gagn\u00e9 notre pari ! (et c&rsquo;est souvent le cas \ud83d\ude09 )<\/p>\n\n\n\n<p><\/p>\n\n\n\n<p>Vous aussi vous avez envie envie de tenter l&rsquo;aventure ?<\/p>\n\n\n\n<div class=\"wp-block-buttons is-content-justification-center is-layout-flex wp-container-core-buttons-is-layout-16018d1d wp-block-buttons-is-layout-flex\">\n<div class=\"wp-block-button\"><a class=\"wp-block-button__link wp-element-button\" href=\"https:\/\/www.horschamp-animation.com\/index.php\/contact\/\">nous contacter<\/a><\/div>\n<\/div>\n","protected":false},"excerpt":{"rendered":"<p>Opportuniste Chaque projet est diff\u00e9rent, en fonction du contexte. Il est essentiel pour nous de nous adapter aux moyens disponibles, aussi bien humains que mat\u00e9riels. Ludique Quel que soit le (type de ) projet, l&rsquo;exigence de qualit\u00e9 va de pair avec une approche ludique et cr\u00e9ative. \u00c9crire, faire de la musique, r\u00e9aliser un film d&rsquo;animation [&hellip;]<\/p>\n","protected":false},"author":3,"featured_media":0,"parent":0,"menu_order":0,"comment_status":"closed","ping_status":"closed","template":"","meta":{"footnotes":""},"class_list":["post-369","page","type-page","status-publish","hentry"],"_links":{"self":[{"href":"https:\/\/www.horschamp-animation.com\/index.php\/wp-json\/wp\/v2\/pages\/369","targetHints":{"allow":["GET"]}}],"collection":[{"href":"https:\/\/www.horschamp-animation.com\/index.php\/wp-json\/wp\/v2\/pages"}],"about":[{"href":"https:\/\/www.horschamp-animation.com\/index.php\/wp-json\/wp\/v2\/types\/page"}],"author":[{"embeddable":true,"href":"https:\/\/www.horschamp-animation.com\/index.php\/wp-json\/wp\/v2\/users\/3"}],"replies":[{"embeddable":true,"href":"https:\/\/www.horschamp-animation.com\/index.php\/wp-json\/wp\/v2\/comments?post=369"}],"version-history":[{"count":13,"href":"https:\/\/www.horschamp-animation.com\/index.php\/wp-json\/wp\/v2\/pages\/369\/revisions"}],"predecessor-version":[{"id":638,"href":"https:\/\/www.horschamp-animation.com\/index.php\/wp-json\/wp\/v2\/pages\/369\/revisions\/638"}],"wp:attachment":[{"href":"https:\/\/www.horschamp-animation.com\/index.php\/wp-json\/wp\/v2\/media?parent=369"}],"curies":[{"name":"wp","href":"https:\/\/api.w.org\/{rel}","templated":true}]}}